
List the prime factors of 60301808.
2, 7, 607, 887
List the prime factors of 3700108744.
2, 462513593
What are the prime factors of 21935888?
2, 13, 163, 647
What are the prime factors of 10189174?
2, 563, 9049
List the prime factors of 1211560372.
2, 11, 27535463
List the prime factors of 307854687.
3, 7, 53, 276599
What are the prime factors of 4268376152?
2, 2357, 226367
What are the prime factors of 839624667?
3, 7, 5153, 7759
List the prime factors of 6707875.
5, 103, 521
What are the prime factors of 81234891?
3, 17, 530947
What are the prime factors of 63041892?
2, 3, 173, 30367
List the prime factors of 1547278343.
13, 53, 2245687
What are the prime factors of 33230966?
2, 16615483
What are the prime factors of 34958604?
2, 3, 83, 35099
List the prime factors of 1383500291.
1933, 715727
What are the prime factors of 725683591?
725683591
What are the prime factors of 708525300?
2, 3, 5, 7, 157, 307
List the prime factors of 86301110.
2, 5, 7, 211, 5843
List the prime factors of 1298333622.
2, 3, 17, 197, 64613
List the prime factors of 327604527.
3, 2861, 4241
What are the prime factors of 101878418?
2, 19, 61, 43951
List the prime factors of 5139789688.
2, 11, 58406701
List the prime factors of 2645652573.
3, 347, 847151
What are the prime factors of 93127521?
3, 67, 463321
List the prime factors of 37661308.
2, 9415327
List the prime factors of 141481920.
2, 3, 5, 147377
What are the prime factors of 13970234?
2, 179, 39023
List the prime factors of 492390574.
2, 13, 709, 26711
What are the prime factors of 100774479?
3, 13, 103, 25087
What are the prime factors of 58469528?
2, 13, 17, 33071
What are the prime factors of 1513442287?
7, 4937, 43793
List the prime factors of 4618831.
7, 47, 101, 139
List the prime factors of 189842873.
11, 53, 325631
What are the prime factors of 16128028?
2, 7, 576001
List the prime factors of 3548011884.
2, 3, 809, 365473
What are the prime factors of 272238194?
2, 19, 47, 152429
What are the prime factors of 68405966?
2, 19, 1800157
List the prime factors of 216087086.
2, 137, 191, 4129
What are the prime factors of 278582086?
2, 139291043
What are the prime factors of 991333848?
2, 3, 3929, 10513
List the prime factors of 13604293.
23, 25717
List the prime factors of 3240694178.
2, 11503, 140863
List the prime factors of 16485954.
2, 3, 17, 161627
What are the prime factors of 191205783?
3, 17, 479, 2609
What are the prime factors of 3334110411?
3, 167, 397, 16763
What are the prime factors of 32120274?
2, 3, 1153, 4643
List the prime factors of 775193699.
7, 661, 167537
List the prime factors of 18962784.
2, 3, 65843
What are the prime factors of 198066803?
11, 18006073
List the prime factors of 274085771.
274085771
What are the prime factors of 420800451?
3, 43, 3262019
What are the prime factors of 130532792?
2, 13, 1255123
What are the prime factors of 91596320?
2, 5, 31, 59, 313
List the prime factors of 754353650.
2, 5, 15087073
List the prime factors of 12113718.
2, 3, 2018953
What are the prime factors of 133349458?
2, 11, 6061339
List the prime factors of 4389034511.
47, 197, 474029
What are the prime factors of 50089632?
2, 3, 521767
What are the prime factors of 2428463179?
3299, 736121
List the prime factors of 3498489569.
541, 6466709
List the prime factors of 595888911.
3, 53, 1249243
List the prime factors of 736530354.
2, 3, 7, 1948493
What are the prime factors of 89353500?
2, 3, 5, 71, 839
What are the prime factors of 57023582?
2, 7, 11, 379, 977
What are the prime factors of 207556111?
7, 17, 101, 2467
What are the prime factors of 50737161?
3, 569, 29723
What are the prime factors of 3048819695?
5, 17, 769, 46643
List the prime factors of 66196696.
2, 617, 13411
What are the prime factors of 565606217?
11, 51418747
List the prime factors of 2379579894.
2, 3, 41, 78643
List the prime factors of 4922420756.
2, 11, 2311, 48409
What are the prime factors of 67959579?
3, 593, 38201
What are the prime factors of 71119491?
3, 23706497
List the prime factors of 4943864534.
2, 7, 353133181
List the prime factors of 49564797.
3, 541, 30539
List the prime factors of 70526224.
2, 691, 6379
What are the prime factors of 5462983712?
2, 47, 3632303
List the prime factors of 40524312.
2, 3, 269, 6277
What are the prime factors of 462581287?
7, 31, 179, 11909
List the prime factors of 802303611.
3, 359, 503, 1481
List the prime factors of 4753735000.
2, 5, 7, 19403
List the prime factors of 974628393.
3, 503, 645877
What are the prime factors of 59489997?
3, 7, 2832857
List the prime factors of 384286216.
2, 48035777
List the prime factors of 148785395.
5, 11, 2705189
What are the prime factors of 227543381?
13, 17503337
List the prime factors of 49644541.
83, 598127
List the prime factors of 563773373.
7691, 73303
List the prime factors of 3826260647.
11, 47, 7400891
What are the prime factors of 1307274399?
3, 145252711
What are the prime factors of 855584830?
2, 5, 53, 1614311
What are the prime factors of 1528732576?
2, 7, 974957
List the prime factors of 842599508.
2, 210649877
What are the prime factors of 30224350?
2, 5, 13, 46499
What are the prime factors of 1799008596?
2, 3, 7, 11, 227, 953
List the prime factors of 204285253.
204285253
What are the prime factors of 3911776870?
2, 5, 391177687
List the prime factors of 1712978322.
2, 3, 11, 29, 894973
What are the prime factors of 205191592?
2, 211, 121559
What are the prime factors of 308308937?
308308937
What are the prime factors of 16830627?
3, 11, 53, 9623
List the prime factors of 1278525746.
2, 31, 109, 189187
List the prime factors of 279947554.
2, 73, 191, 10039
What are the prime factors of 777135455?
5, 155427091
List the prime factors of 3091812227.
7, 251, 1759711
What are the prime factors of 70588793?
11, 479, 13397
What are the prime factors of 92198568?
2, 3, 7, 11, 49891
What are the prime factors of 317614?
2, 11, 14437
List the prime factors of 115311623.
7, 53, 67, 4639
What are the prime factors of 16230137?
7, 11, 41, 53, 97
List the prime factors of 6105388859.
6105388859
List the prime factors of 163600760.
2, 5, 4090019
What are the prime factors of 2395961683?
33203, 72161
What are the prime factors of 5142556865?
5, 17, 661, 91529
List the prime factors of 2502421949.
2502421949
What are the prime factors of 193762820?
2, 5, 9688141
List the prime factors of 360163602.
2, 3, 103, 194263
What are the prime factors of 183364056?
2, 3, 79, 32237
List the prime factors of 123692349.
3, 11, 193, 19421
List the prime factors of 790437270.
2, 3, 5, 7, 17, 221411
List the prime factors of 347519939.
13, 1429, 1439
What are the prime factors of 13726960?
2, 5, 13, 67, 197
What are the prime factors of 13914748?
2, 3478687
List the prime factors of 4761640191.
3, 7, 11, 151, 136511
List the prime factors of 533903703.
3, 541, 328961
List the prime factors of 703100883.
3, 234366961
List the prime factors of 56261537.
29, 1940053
What are the prime factors of 4922273052?
2, 3, 1049, 130343
List the prime factors of 2645395321.
443, 5971547
What are the prime factors of 27335705?
5, 5467141
List the prime factors of 909204012.
2, 3, 25255667
What are the prime factors of 1391609613?
3, 17, 101, 270163
List the prime factors of 60963922.
2, 229, 133109
List the prime factors of 4219285623.
3, 7, 23, 8735581
List the prime factors of 81744458.
2, 31, 1318459
List the prime factors of 39906538.
2, 7, 59, 48313
What are the prime factors of 2547565138?
2, 5791, 219959
List the prime factors of 11282264.
2, 7, 31, 67, 97
What are the prime factors of 1485928766?
2, 7, 31, 101, 109, 311
List the prime factors of 69130441.
69130441
List the prime factors of 1739921369.
1739921369
What are the prime factors of 659108581?
17, 38771093
What are the prime factors of 1716886753?
167, 607, 16937
What are the prime factors of 51921144?
2, 3, 11, 65557
List the prime factors of 284453578.
2, 142226789
What are the prime factors of 103685433?
3, 37, 41, 22783
What are the prime factors of 148453538?
2, 41, 1810409
What are the prime factors of 19798876?
2, 4949719
List the prime factors of 17729567.
17729567
List the prime factors of 508640849.
19, 83, 322537
List the prime factors of 48218548.
2, 7, 37, 61, 109
List the prime fa